01 composite?
True
Is 371829803 a prime number?
False
Is 411014993 composite?
False
Is 16938926243 a prime number?
False
Is 3875235169 prime?
False
Is 68795183543 a composite number?
True
Is 8474990431 a composite number?
False
Is 170565298117 prime?
True
Is 634250109 prime?
False
Is 215469799 a composite number?
False
Is 87214949 prime?
True
Is 4364914537 prime?
True
Is 2986095109 a prime number?
False
Is 149987699 a composite number?
False
Is 2307342923 composite?
True
Is 17416738529 a prime number?
False
Is 1279894531 a prime number?
False
Is 64392318421 a composite number?
False
Is 42073319933 composite?
True
Is 53213918423 a composite number?
False
Is 82111453 prime?
True
Is 7432465349 a prime number?
True
Is 1289257301 prime?
True
Is 24169097 a composite number?
False
Is 4933903453 a prime number?
False
Is 1400974541 prime?
False
Is 102252641 prime?
False
Is 121001819313 a composite number?
True
Is 929188829 a prime number?
True
Is 4534616447 a composite number?
True
Is 5941430611 a composite number?
True
Is 2130554999 composite?
False
Is 247186939 a prime number?
True
Is 19414560701 a composite number?
False
Is 1700369245 prime?
False
Is 371838217 composite?
True
Is 285018611 a prime number?
True
Is 1259605183 a composite number?
False
Is 698415649 a composite number?
False
Is 12296159593 composite?
True
Is 405444245 prime?
False
Is 12162251099 a composite number?
True
Is 890319691 prime?
False
Is 123569723455 a prime number?
False
Is 1795615681 a composite number?
True
Is 125310221 a prime number?
True
Is 4450187977 composite?
True
Is 3829034317 prime?
True
Is 8587706131 prime?
True
Is 1835775569 a prime number?
False
Is 1304441731 a prime number?
True
Is 14563699495 a prime number?
False
Is 61684665899 a composite number?
False
Is 21849274039 a composite number?
True
Is 8328939103 composite?
True
Is 15252139 composite?
True
Is 407205974239 composite?
True
Is 55389788423 a prime number?
False
Is 16386231523 prime?
False
Is 4464387067 a prime number?
False
Is 10982549311 a composite number?
False
Is 213518209 prime?
False
Is 13452462271 a composite number?
True
Is 9335286133 a prime number?
True
Is 542261227 a prime number?
False
Is 478762213 prime?
True
Is 1500832127 a prime number?
False
Is 9220184567 a composite number?
True
Is 2811443959 a composite number?
False
Is 67667883523 prime?
False
Is 13581632039 composite?
False
Is 11781733699 a prime number?
False
Is 37603436183 composite?
False
Is 15642077629 prime?
False
Is 14486112869 composite?
True
Is 153763177 a composite number?
True
Is 57079889123 prime?
True
Is 13872180491 composite?
True
Is 622750697 a prime number?
False
Is 1540729367 prime?
True
Is 19558741777 a prime number?
True
Is 212280503 prime?
True
Is 13577808289 a prime number?
False
Is 2495617471 a prime number?
True
Is 1004804233 prime?
True
Is 15315448391 prime?
False
Is 153526397 a prime number?
False
Is 1158443513 a composite number?
False
Is 3031109713 a prime number?
True
Is 21366362827 a prime number?
True
Is 171391631 a prime number?
True
Is 726772307 a prime number?
False
Is 5880011785 composite?
True
Is 151820891 prime?
True
Is 131701951 a prime number?
False
Is 7278334267 a prime number?
False
Is 3507835849 prime?
False
Is 310463513 prime?
True
Is 26540698733 composite?
False
Is 5945600443 prime?
True
Is 7253997239 prime?
True
Is 1215248137 prime?
True
Is 1382026181 prime?
False
Is 3024578723 prime?
True
Is 2778929941 composite?
False
Is 926588239 a composite number?
False
Is 31945966243 a composite number?
False
Is 10905685867 a prime number?
True
Is 150543508315 prime?
False
Is 1278242547 a composite number?
True
Is 320798837 prime?
True
Is 147502687 a composite number?
False
Is 134492221 a composite number?
False
Is 482463329 prime?
True
Is 525412777979 composite?
False
Is 6757188971 a prime number?
False
Is 37906546343 prime?
False
Is 173629932727 prime?
True
Is 799516453 a prime number?
True
Is 15316018477 prime?
False
Is 27610472093 a prime number?
False
Is 415174021 composite?
False
Is 262475699 composite?
True
Is 2266908097 a composite number?
True
Is 1734362569 prime?
True
Is 31095358799 composite?
True
Is 1797418957 a prime number?
True
Is 499932079 a composite number?
False
Is 20461306451 prime?
True
Is 2065499357 prime?
False
Is 15168524891 a composite number?
True
Is 1191704281 composite?
False
Is 10376262961 composite?
False
Is 6907095383 a prime number?
False
Is 10729030483 a prime number?
True
Is 8210094917 a composite number?
False
Is 2232702386 a composite number?
True
Is 27758401289 composite?
False
Is 3454183171 prime?
False
Is 19240586989 composite?
True
Is 15478771057 a composite number?
True
Is 1029478803 a prime number?
False
Is 11512731031 a prime number?
False
Is 1654062131 a composite number?
False
Is 1767625721 a prime number?
True
Is 1174656111 prime?
False
Is 7639889801 composite?
False
Is 102308154535 composite?
True
Is 32367730963 composite?
False
Is 3262822909 prime?
True
Is 4785830551 composite?
False
Is 5974196071 a composite number?
False
Is 15154860559 a prime number?
True
Is 66171524857 prime?
False
Is 801872117 composite?
True
Is 84668443 a prime number?
True
Is 5425914961 prime?
False
Is 919305767 a composite number?
False
Is 1019620571 a prime number?
False
Is 319877959 composite?
False
Is 284881991413 prime?
False
Is 981507661 composite?
False
Is 1924580543 a composite number?
True
Is 2773640323 a prime number?
False
Is 332688799 a composite number?
True
Is 1161386663 composite?
True
Is 650169469 composite?
True
Is 13967557181 a composite number?
False
Is 981621607 a prime number?
True
Is 7772776967 a prime number?
True
Is 86380149286 prime?
False
Is 2727729997 a composite number?
False
Is 53585188361 a prime number?
True
Is 119925233471 a prime number?
False
Is 2048611 a composite number?
True
Is 936267623 a prime number?
True
Is 288316903 a composite number?
True
Is 260946671 prime?
True
Is 863600747 composite?
True
Is 111058529 prime?
False
Is 3983272115 composite?
True
Is 4978397903 a prime number?
False
Is 25436116742 a composite number?
True
Is 28978003 a prime number?
True
Is 1055897533 a composite number?
False
Is 9403011883 a composite number?
False
Is 21810846797 prime?
True
Is 52565831569 a prime number?
False
Is 5489535509 a prime number?
True
Is 96893543 a composite number?
False
Is 1159085713 a prime number?
False
Is 78838609 prime?
True
Is 4169199787 a composite number?
False
Is 747532631 a prime number?
True
Is 383695773181 prime?
False
Is 177207016453 composite?
True
Is 16215678631 composite?
True
Is 777695 a composite number?
True
Is 163348478053 prime?
True
Is 9026566259 a prime number?
False
Is 59150860913 a composite number?
False
Is 320566277 a prime number?
True
Is 1196075073 a composite number?
True
Is 265249483 prime?
True
Is 1991160257 a composite number?
False
Is 310311983 a composite number?
False
Is 37297371011 composite?
True
Is 223304561 a composite number?
False
Is 1640615099 a composite number?
False
Is 875473831 prime?
True
Is 361369093 a composite number?
True
Is 975083323 a prime number?
True
Is 6541709 a prime number?
False
Is 324841493 a prime number?
False
Is 217415621 a composite number?
False
Is 1050114323 a prime number?
False
Is 14509437835 composite?
True
Is 634716053 composite?
True
Is 31827154043 prime?
True
Is 26388433 composite?
False
Is 1768850159 a prime number?
True
Is 678678173 composite?
True
Is 796473845 a composite number?
True
Is 227559641 prime?
True
Is 89645450819 composite?
False
Is 4890153049 prime?
True
Is 533045111 a composite number?
False
Is 4291400713 composite?
False
Is 2436484697 composite?
False
Is 22137833093 prime?
True
Is 55295866963 a prime number?
True
Is 5247136151 a prime number?
True
Is 210925823 composite?
True
Is 15342889762 a composite number?
True
Is 888161249 prime?
False
Is 2287100593 composite?
True
Is 7751902061 a prime number?
False
Is 9848289883 a prime number?
False
Is 148953543691 a composite number?
True
Is 2556835397 prime?
True
Is 269041177 composite?
True
Is 93936289847 a prime number?
True
Is 1518545993 composite?
False
Is 1834832537 composite?
False
Is 154912081507 prime?
True
Is 3457173893 composite?
False
Is 4897485259 a prime number?
True
Is 2264643167 prime?
True
I